l(-36).
5
Let b(q) = -81*q**2 - 13673*q - 53377. What is b(-4)?
19
Let l(b) = 210*b**3 - 43*b**2 + 86*b - 4. What is l(2)?
1676
Let u(s) = 14839*s - 59576. Calculate u(4).
-220
Let y(a) = -a**3 + 126*a**2 - 3616*a - 195. Calculate y(82).
-851
Let v(d) = -d**2 + 13736*d - 96105. Determine v(7).
-2
Let i(k) = -3*k**2 + 8526*k + 25597. Give i(-3).
-8
Let h(j) = j**3 + 207*j**2 + 3098*j + 41857. Determine h(-192).
1
Let l(b) = -9489*b - 85408. Give l(-9).
-7
Let p(u) = -u**3 - 30*u**2 + 25*u - 307. Calculate p(-32).
941
Let b(w) = 55*w + 21328. Give b(-388).
-12
Let c(l) = l**3 - 11*l**2 + 5693*l - 187886. Give c(30).
4
Let b(s) = -307*s - 5344. What is b(-18)?
182
Let r(u) = 870*u - 20725. Give r(23).
-715
Let s(f) = 6*f**3 - 8*f**2 - 4*f + 259. What is s(0)?
259
Let n(w) = w**3 + 19*w**2 - 59*w - 950. What is n(-19)?
171
Let h(p) = -7029*p + 956080. Determine h(136).
136
Let y(l) = 3*l**2 + 443*l + 2970. Determine y(-7).
16
Let w(p) = -521100*p - 2084330. What is w(-4)?
70
Let b(y) = -2364*y - 39772. Give b(-17).
416
Let i(f) = -f**3 + 20*f**2 - 245*f + 6610. Calculate i(22).
252
Let z(b) = b**3 + 83*b**2 + 31*b + 2106. Give z(-83).
-467
Let n(f) = -2*f**3 - 17*f**2 - 129*f + 203. Give n(-12).
2759
Let g(v) = -v**3 + 26*v**2 + 3515*v - 33046. Calculate g(9).
-34
Let d(z) = 599*z + 10445. Calculate d(-9).
5054
Let m(j) = -j**2 + 126*j + 887. Determine m(-6).
95
Let v(x) = 3*x**2 + 6653*x + 482123. Give v(-75).
23
Let n(b) = -382*b**2 + 25599*b - 357. What is n(67)?
-22
Let z(t) = 9*t**3 + 689*t**2 - 306*t + 139. Give z(-77).
-15
Let z(i) = -69*i - 3680. Determine z(-55).
115
Let w(o) = -o**2 - 218*o - 427. What is w(-2)?
5
Let k(n) = 9*n**3 - 35*n + 30. Calculate k(1).
4
Let y(r) = -790*r - 8881. Calculate y(-11).
-191
Let u(t) = -2229*t - 19829. What is u(-9)?
232
Let s(h) = -h**3 + 2385*h**2 + 77349*h + 190. Calculate s(-32).
30
Let l(c) = -c**3 + 220*c**2 - 2100*c + 542. What is l(210)?
542
Let z(d) = 3003329*d + 12013338. Calculate z(-4).
22
Let d(k) = 216*k - 40655. What is d(189)?
169
Let i(z) = -78274*z - 547944. Determine i(-7).
-26
Let c(j) = -j**3 + j**2 + 239*j + 876. Give c(-4).
0
Let q(u) = u**2 - 479*u + 7043. What is q(15)?
83
Let l(g) = 219*g - 22854. Determine l(105).
141
Let h(n) = -34420*n - 516308. Give h(-15).
-8
Let i(s) = 2*s**3 + 67*s**2 - 96*s + 135. Give i(-35).
-180
Let r(t) = 115*t + 2233. Determine r(-20).
-67
Let g(r) = 27836*r + 2338262. Give g(-84).
38
Let p(o) = -49576*o + 1487282. Determine p(30).
2
Let h(k) = 1877600*k - 16898399. Give h(9).
1
Let s(r) = -8*r**3 + 29*r**2 - 48*r + 313. Calculate s(7).
-1346
Let y(a) = -39*a**2 - 166*a + 795. Give y(5).
-1010
Let a(r) = -9078*r + 462968. Determine a(51).
-10
Let f(g) = -2*g**3 - 55*g**2 + 489*g + 4199. What is f(-33)?
41
Let w(d) = d**3 - 35*d**2 - 269*d - 440. Determine w(-4).
12
Let d(j) = j**3 - 200*j**2 - 574*j - 7159. What is d(203)?
-54
Let t(z) = 5*z**3 + 23*z**2 + 153*z + 57. Determine t(-5).
-758
Let r(n) = -4*n**2 - 13*n - 11. Give r(-5).
-46
Let x(i) = i**2 + 4*i - 2465. Calculate x(50).
235
Let i(n) = 12*n**2 + 6641*n - 3899. What is i(-554)?
-21
Let b(i) = 36*i**2 + 3805*i - 11410. Calculate b(3).
329
Let v(c) = -c**3 + 12*c**2 + 480*c - 6395. Determine v(14).
-67
Let b(r) = -2*r**3 + 320*r**2 - 714*r + 63074. What is b(159)?
110
Let y(p) = 22261*p + 155812. Give y(-7).
-15
Let r(k) = 3*k**3 + 289*k**2 + 932*k + 180. What is r(-93)?
-6
Let r(m) = 3*m**3 + 25*m**2 - 85*m + 61. Give r(3).
112
Let w(j) = 138*j - 13619. What is w(106)?
1009
Let r(y) = -124*y**2 - 546*y - 571. Determine r(-2).
25
Let q(s) = 18*s**2 + 336*s + 528. What is q(-12)?
-912
Let n(r) = 4*r**3 - 2*r + 38. What is n(-5)?
-452
Let c(q) = -6*q**2 + 416*q - 1675. Calculate c(4).
-107
Let b(h) = -h**3 + 174*h**2 - 3855*h + 850261. Calculate b(179).
11
Let u(a) = a**3 + 93*a**2 + 1718*a - 1630. What is u(-67)?
-22
Let j(t) = 2*t**3 - 31*t**2 + 649*t - 22851. Give j(23).
11
Let x(j) = 1028467*j - 1028462. Calculate x(1).
5
Let l(z) = -7*z**2 - 302*z - 140. Determine l(-44).
-404
Let s(y) = 133*y - 23079. What is s(173)?
-70
Let q(d) = -2038*d + 1365421. Give q(670).
-39
Let n(j) = j**3 - 51*j**2 - 178*j + 94. Give n(54).
-770
Let o(y) = -64*y**3 + 8*y**2 + y - 6. What is o(-1)?
65
Let m(d) = -d**2 + 265*d - 5415. Give m(248).
-1199
Let f(j) = 62*j + 2277. Give f(-42).
-327
Let w(d) = -9513*d - 76435. Give w(-8).
-331
Let l(m) = 22353*m - 916309. Determine l(41).
164
Let y(k) = -k**2 - 183*k - 5105. Give y(-34).
-39
Let z(i) = 19*i**3 + 2266*i**2 + 570*i - 2960. Calculate z(-119).
15
Let k(d) = -2*d**3 + 69*d**2 - 160*d + 3023. Determine k(33).
1010
Let d(v) = 12289*v + 98334. Determine d(-8).
22
Let v(c) = c**3 - 25*c**2 + 158*c + 41. What is v(16)?
265
Let j(i) = 3*i**2 + 3085*i + 21443. What is j(-7)?
-5
Let m(u) = 2*u**2 - 8589*u + 34342. What is m(4)?
18
Let w(y) = -y**2 + 36742*y - 514158. What is w(14)?
34
Let c(q) = 4*q**2 - 775*q + 9044. Determine c(12).
320
Let b(y) = 2*y**3 + 521*y**2 + 759*y + 129778. Calculate b(-260).
38
Let t(u) = 4169*u + 175138. Calculate t(-42).
40
Let w(h) = 4770*h + 166714. Determine w(-35).
-236
Let t(i) = -12*i**3 - 430*i**2 + 58*i - 50. Give t(-36).
454
Let g(s) = 6*s**2 + 3764*s + 29837. Calculate g(-8).
109
Let c(g) = g**3 + 68*g**2 + 835*g - 3232. Determine c(-50).
18
Let g(o) = -1345*o - 407611. Calculate g(-303).
-76
Let v(h) = -h**3 + 583*h**2 - 9049*h - 284. Determine v(16).
84
Let p(o) = -o**3 - 106*o**2 + 1533*o - 238. What is p(-119)?
1428
Let y(l) = 5924*l + 953769. What is y(-161)?
5
Let w(z) = -z**2 + 1487*z - 82853. What is w(58)?
29
Let q(k) = 11*k**3 - 134*k**2 + 42*k - 200. What is q(12)?
16
Let h(k) = k**3 + 148*k**2 - 188*k - 5795. Calculate h(-149).
16
Let d(g) = -984248*g - 19684959. Calculate d(-20).
1
Let c(k) = -k**3 - 96*k**2 - 1271*k + 202. What is c(-17)?
-1022
Let a(g) = -g**3 + 63*g**2 + 8*g - 528. What is a(63)?
-24
Let p(h) = 18*h**3 - 9*h**2 + 217*h - 391. Calculate p(2).
151
Let k(q) = -6*q**3 + 42*q**2 + 17*q + 58. Give k(9).
-761
Let l(s) = 5*s**2 + 11449*s + 80121. What is l(-7)?
223
Let b(k) = -k**3 + 13*k**2 + 62*k - 154. Determine b(-9).
1070
Let z(s) = -14*s**2 + 249*s - 962. Calculate z(3).
-341
Let u(k) = -k**2 - 2523*k - 195443. Calculate u(-80).
-3
Let f(i) = -338*i**3 - 2*i**2 - 12*i + 6. What is f(0)?
6
Let n(q) = -q**3 - 80*q**2 + 213*q - 18007. Give n(-85).
13
Let q(c) = -c**3 - 171*c**2 - 2124*c - 133673. Calculate q(-163).
-13
Let r(i) = -2851*i**2 - 8596*i + 8. Give r(-3).
137
Let q(v) = -40512*v - 121535. Determine q(-3).
1
Let l(h) = -3*h**3 + 1310*h**2 + 1737*h + 6582. What is l(438)?
12
Let g(j) = -103*j**2 - 623*j - 46. What is g(-6)?
-16
Let k(q) = -28*q**2 - 4427*q - 391. What is k(-158)?
83
Let c(p) = -941002*p + 10351028. What is c(11)?
6
Let o(u) = -1703*u + 759567. Calculate o(446).
29
Let z(t) = t**2 + 1041*t - 63919. What is z(58)?
-177
Let b(a) = -12*a**2 + 85*a + 2575. Give b(-11).
188
Let n(s) = -13*s**3 - 150*s**2 + 42*s - 30. Give n(-12).
330
Let m(a) = -5652*a - 50913. Determine m(-9).
-45
Let o(b) = 1271583*b + 10172676. Give o(-8).
12
Let j(t) = -35*t**2 - 7377*t - 28947. What is j(-4)?
1
Let g(s) = -261779*s + 1047188. Give g(4).
72
Let u(d) = -2*d**3 + 62*d**2 - 159*d + 2975. What is u(30)?
5
Let d(i) = 11*i**3 + 64*i**2 - 186*i - 13. Determine d(-8).
-61
Let y(o) = o**2 - 45357*o - 226800. Determine y(-5).
10
Let j(h) = -254*h + 861. Calculate j(6).
-663
Let g(l) = -1007*l + 463. Determine g(0).
463
Let r(v) = -1653*v - 180. Give r(-1).
1473
Let l(w) = -1297810*w - 2595647. Give l(-2).
-27
Let q(x) = 5435*x + 896798. Give q(-165).
23
Let d(z) = -2*z**2 - 120*z + 3247. What is d(-94)?
-3145
Let j(d) = -d**3 - 94*d**2 + 409*d + 1771. What is j(-98)?
105
Let i(g) = -2518*g - 130939. Calculate i(-52).
-3
Let f(s) = 28568*s + 257112. Determine f(-9).
0
Let m(w) = 284*w + 1135. What is m(0)?
1135
Let m(x) = 4*x**3 - 191*x**2 - 125*x + 12396. What is m(47)?
-106
Let t(y) = 5*y**3 + 15*y**2 - 375*y - 762. Calculate t(-2).
8
Let h(o) = -314*o**3 + 2512*o**2 - 69*o + 543. Determine h(8).
-9
Let t(c) = -c**3 + 231*c**2 + 199*c - 45971. What is t(231)?
-2
Let m(b) = -52*b**3 + 78*b - 292. Determine m(4).
-3308
Let w(q) = q**3 - 5*q**2 - 693*q + 6388. What is w(10)?
-42
Let l(q) = 7*